
2, 3, 28649
List the prime factors of 1046799.
3, 13, 23, 389
What are the prime factors of 21605672?
2, 11, 245519
List the prime factors of 10936894.
2, 19, 287813
What are the prime factors of 25851558?
2, 3, 59, 103, 709
List the prime factors of 122491.
347, 353
What are the prime factors of 39602?
2, 19801
List the prime factors of 26743539.
3, 29, 307397
List the prime factors of 255589.
255589
List the prime factors of 6628908.
2, 3, 11, 13, 3863
What are the prime factors of 189945?
3, 5, 7, 67
List the prime factors of 6432730.
2, 5, 643273
What are the prime factors of 10284603?
3, 7, 489743
What are the prime factors of 4294899?
3, 7, 9739
What are the prime factors of 6198933?
3, 13, 53, 2999
What are the prime factors of 2571889?
41, 149, 421
What are the prime factors of 1732387?
1732387
What are the prime factors of 566085?
3, 5, 13, 2903
What are the prime factors of 92952?
2, 3, 1291
What are the prime factors of 1465307?
23, 63709
What are the prime factors of 3839951?
3839951
List the prime factors of 8682076.
2, 13, 103, 1621
List the prime factors of 742549.
742549
What are the prime factors of 419993?
7, 59999
What are the prime factors of 7796970?
2, 3, 5, 41, 2113
What are the prime factors of 7128737?
7, 11, 92581
What are the prime factors of 222870?
2, 3, 5, 17, 19, 23
What are the prime factors of 1493576?
2, 7, 149, 179
What are the prime factors of 1045946?
2, 11, 47543
List the prime factors of 187353.
3, 257
What are the prime factors of 5741721?
3, 97, 6577
What are the prime factors of 256445?
5, 7, 17, 431
List the prime factors of 746117.
746117
What are the prime factors of 3242553?
3, 1080851
List the prime factors of 884308.
2, 221077
What are the prime factors of 1548600?
2, 3, 5, 29, 89
What are the prime factors of 4373313?
3, 7, 208253
What are the prime factors of 20934225?
3, 5, 13, 17, 421
What are the prime factors of 188762?
2, 7, 97, 139
What are the prime factors of 351135?
3, 5, 17
What are the prime factors of 18546357?
3, 701, 8819
What are the prime factors of 863387?
7, 123341
List the prime factors of 5012971.
5012971
What are the prime factors of 852289?
852289
List the prime factors of 650603.
193, 3371
List the prime factors of 673674.
2, 3, 112279
List the prime factors of 528900.
2, 3, 5, 41, 43
List the prime factors of 76934.
2, 11, 13, 269
List the prime factors of 70116.
2, 3, 5843
What are the prime factors of 184718?
2, 19, 4861
List the prime factors of 547466.
2, 19, 14407
What are the prime factors of 2058158?
2, 331, 3109
List the prime factors of 220019.
220019
What are the prime factors of 441733?
59, 7487
List the prime factors of 2657904.
2, 3, 55373
What are the prime factors of 558489?
3, 186163
What are the prime factors of 272304?
2, 3, 31, 61
List the prime factors of 148895.
5, 97, 307
What are the prime factors of 245914?
2, 122957
What are the prime factors of 313213?
97, 3229
What are the prime factors of 3637364?
2, 909341
List the prime factors of 233296.
2, 7, 2083
List the prime factors of 4752482.
2, 7, 79, 4297
List the prime factors of 3789264.
2, 3, 89, 887
What are the prime factors of 897679?
353, 2543
List the prime factors of 330682.
2, 11, 15031
What are the prime factors of 5270320?
2, 5, 11, 53, 113
List the prime factors of 278156.
2, 69539
List the prime factors of 5475647.
439, 12473
What are the prime factors of 304508?
2, 269, 283
List the prime factors of 1808711.
61, 149, 199
List the prime factors of 2640948.
2, 3, 101, 2179
List the prime factors of 665650.
2, 5, 13313
List the prime factors of 50625.
3, 5
List the prime factors of 578614.
2, 193, 1499
List the prime factors of 574656.
2, 3, 41, 73
List the prime factors of 1879557.
3, 626519
What are the prime factors of 505975?
5, 37, 547
List the prime factors of 20281783.
20281783
What are the prime factors of 5306022?
2, 3, 31, 37, 257
What are the prime factors of 496772?
2, 124193
What are the prime factors of 472460?
2, 5, 23623
List the prime factors of 39226.
2, 11, 1783
List the prime factors of 161801.
37, 4373
List the prime factors of 29131980.
2, 3, 5, 53, 9161
What are the prime factors of 83954?
2, 13, 3229
What are the prime factors of 1515274?
2, 647, 1171
What are the prime factors of 14268657?
3, 13, 71, 5153
List the prime factors of 258090.
2, 3, 5, 7, 1229
List the prime factors of 111096.
2, 3, 1543
List the prime factors of 2669484.
2, 3, 149, 1493
What are the prime factors of 976532?
2, 241, 1013
What are the prime factors of 1814325?
3, 5, 17, 1423
What are the prime factors of 476849?
476849
What are the prime factors of 734794?
2, 367397
List the prime factors of 704545.
5, 140909
List the prime factors of 1790929.
7, 255847
What are the prime factors of 7109742?
2, 3, 1184957
What are the prime factors of 4682400?
2, 3, 5, 1951
What are the prime factors of 283468?
2, 70867
List the prime factors of 4826614.
2, 13, 73, 2543
What are the prime factors of 7026472?
2, 878309
List the prime factors of 470666.
2, 7, 33619
What are the prime factors of 534367?
534367
List the prime factors of 625352.
2, 7, 13, 859
What are the prime factors of 4886147?
7, 698021
What are the prime factors of 378504?
2, 3, 7, 751
What are the prime factors of 18330978?
2, 3, 3055163
List the prime factors of 1581328.
2, 7, 2017
What are the prime factors of 295151?
31, 9521
List the prime factors of 16638144.
2, 3, 193, 449
List the prime factors of 1847149.
1847149
List the prime factors of 277956.
2, 3, 7, 1103
What are the prime factors of 684587?
684587
List the prime factors of 23120341.
73, 316717
List the prime factors of 397719.
3, 7, 59, 107
What are the prime factors of 278490?
2, 3, 5, 9283
List the prime factors of 8892867.
3, 2964289
List the prime factors of 71456.
2, 7, 11, 29
List the prime factors of 314948.
2, 78737
What are the prime factors of 1869903?
3, 7, 67, 443
List the prime factors of 1191377.
11, 17, 23, 277
What are the prime factors of 5178188?
2, 1009, 1283
List the prime factors of 2858800.
2, 5, 7, 1021
What are the prime factors of 5466378?
2, 3, 911063
What are the prime factors of 93098?
2, 46549
What are the prime factors of 384637?
11, 73, 479
What are the prime factors of 101648?
2, 6353
What are the prime factors of 2926786?
2, 283, 5171
What are the prime factors of 1166539?
11, 173, 613
What are the prime factors of 17238081?
3, 7, 41, 20021
List the prime factors of 13680487.
911, 15017
List the prime factors of 19827109.
67, 541, 547
What are the prime factors of 69705?
3, 5, 1549
What are the prime factors of 42680?
2, 5, 11, 97
What are the prime factors of 30763?
30763
List the prime factors of 16418930.
2, 5, 11, 29, 5147
What are the prime factors of 160757?
160757
What are the prime factors of 59138?
2, 29569
What are the prime factors of 1515626?
2, 7, 73, 1483
What are the prime factors of 1333665?
3, 5, 37, 89
List the prime factors of 1279524.
2, 3, 106627
List the prime factors of 4831147.
4831147
What are the prime factors of 32070953?
271, 118343
List the prime factors of 204407.
7, 29201
List the prime factors of 564387.
3, 179, 1051
List the prime factors of 325077.
3, 108359
List the prime factors of 322582.
2, 13, 19, 653
What are the prime factors of 1887419?
1887419
What are the prime factors of 30072004?
2, 7518001
List the prime factors of 1924828.
2, 481207
What are the prime factors of 331099?
331099
What are the prime factors of 3861609?
3, 59, 21817
What are the prime factors of 598411?
11, 54401
What are the prime factors of 11743641?
3, 7, 13, 1103
What are the prime factors of 160051?
29, 5519
What are the prime factors of 729811?
191, 3821
What are the prime factors of 67533?
3, 22511
What are the prime factors of 1961663?
11, 178333
List the prime factors of 3003137.
233, 12889
List the prime factors of 1600807.
13, 19, 6481
What are the prime factors of 1213408?
2, 7, 5417
List the prime factors of 12275061.
3, 1609, 2543
What are the prime factors of 142179?
3, 83, 571
What are the prime factors of 1284889?
1284889
What are the prime factors of 96317?
13, 31, 239
What are the prime factors of 1004428?
2, 17, 14771
What are the prime factors of 535182?
2, 3, 191, 467
List the prime factors of 496756